erivative of 0 + 1/30*x**5 + 0*x + 1/24*x**4 + 5*x**2 + k*x**3. Calculate a(2).
11
Suppose -5*y = -0*y + 15. Let b(u) be the first derivative of -2*u**2 + 13 + 85*u - 82*u + 5*u**2 - u**2. Calculate b(y).
-9
Let u(f) = f + 9. Let j = 42 - -8. Let m = -55 + j. Calculate u(m).
4
Let d(b) be the third derivative of -b**4/12 - 3*b**3/2 - 3*b**2 + 5. What is d(-8)?
7
Suppose 11*a = a + 420. Suppose -18 = -10*g + a. Let d(r) = r. Let u(x) = -x**2 + 7*x + 8. Let j(m) = -3*d(m) + u(m). What is j(g)?
-4
Let u(c) be the third derivative of c**4/12 - c**3 - 32*c**2. Give u(-7).
-20
Let h(j) = -3 - 132*j + 151*j + 0. Determine h(2).
35
Let g(d) = -d**2 + 5*d - 4. Let y(q) = q + 2. Let w be y(0). Let t be 1 + 2 + (5 - w). What is g(t)?
-10
Suppose -4*a = -5*p + p - 4, 0 = -2*p + 3*a - 2. Let o(m) = -77*m - 1. Let j be o(p). Let c(v) = -j*v**2 - 4*v + 8 + 75*v**2 + 0. What is c(-6)?
-4
Let s(m) be the third derivative of -m**4/24 - 5*m**3/3 - 218*m**2. Give s(-12).
2
Let p(z) = -z + 15. Let y be p(11). Let q(a) = 4 - 5*a + 3 - y. Determine q(2).
-7
Let s(y) = -y + 1. Let d(c) = -3*c - 1. Let h(u) = -d(u) + s(u). Let w(v) = 2*v**3 + 56*v**2 - 60*v - 60. Let x be w(-29). Give h(x).
-2
Let m(b) = -b**2 + 7*b + 4. Let l be m(7). Suppose 2*g = 2*p - 16, -l*p = -3*p - 2. Let r(i) = 1. Let f(o) = o + 2. Let a(d) = f(d) - 3*r(d). What is a(g)?
-7
Let q(p) be the third derivative of -p**7/840 + p**6/60 - 7*p**5/120 + p**4/6 + 3*p**3 + 20*p**2. Let x(w) be the first derivative of q(w). Calculate x(5).
-6
Let n(v) = -19*v**2 - v. Let k = 494 - 493. What is n(k)?
-20
Let d(u) = u**2 + 11*u - 105. Let x be d(-17). Let v(l) = -l + 3. Calculate v(x).
6
Let n(t) = -2*t + 29. Let v be n(14). Let z(k) be the third derivative of k**4/8 - k**3/6 + 2*k**2. Let y be z(v). Let o(m) = m**3 - 3*m**2 + 2. Give o(y).
-2
Let k(i) be the third derivative of 43*i**2 + 3/8*i**4 + 0*i - 1 - 2/3*i**3 - 1/60*i**5. Calculate k(8).
4
Let j(r) = -3 - 6*r**2 - 4*r - 4*r**3 + 0*r**3 + 3*r**3. Let s = 7 - 5. Suppose -2*i = 2*w + 12, 4*i + s = 2*w + 8. What is j(w)?
-8
Let p be (1/3)/(4/(-60)). Let b(m) = m**3 - 16*m**2 - 3 - 2*m**3 - 2 + 11*m**2. Calculate b(p).
-5
Suppose 2*o + 4 = -3*q, 0 = q + 5*o - 3. Let x(b) = 6*b + 2*b**2 + 9*b + 9*b + 12*b + b**3 - 33*b. Determine x(q).
-6
Suppose -4*s + 18 = 3*w, -5*s + 2 + 9 = -2*w. Let f(u) = 3*u**3 - 2*u**2 + 13. Let o(n) = n**3 - n**2 + 4. Let j(l) = -2*f(l) + 7*o(l). Give j(s).
2
Let c(x) = 2*x**3 + x**2 - x. Let k(b) = 2*b**3 + 3*b**2 - 4*b + 3. Let a be k(2). Let z = a - 14. Let o = 10 - z. Give c(o).
2
Let t(c) = -c**2 - 13*c - 14. Let q(g) = g + 7. Let y be q(-4). Suppose y*h + 23 = -13. Let d be t(h). Let f(r) = -3*r - 1. Calculate f(d).
5
Let q(j) be the second derivative of -j**6/360 + j**5/60 + 19*j**4/12 - 5*j. Let m(a) be the third derivative of q(a). Determine m(-4).
10
Let x(o) = -o**2 + o. Let b(z) = 3*z**3 - z**2. Let p(l) = -b(l) - 3*x(l). Let y(d) = -32*d + 194. Let v be y(6). What is p(v)?
-14
Let z be (9/6)/(9 + 17/(-2)). Let f(a) = a**2 - 9*a + 13. What is f(z)?
-5
Let j(l) = -9*l + l - 6 - l**2 - 1. Let a(y) = 2*y**2 - 7*y - 9. Let p be a(5). Let c(s) = -s**3 + 6*s**2 - 3*s + 12. Let x be c(p). What is j(x)?
5
Let o(c) be the third derivative of -c**6/120 + c**5/15 - c**4/8 - c**3/2 - 22*c**2. Let t be (-3)/(-2)*(-2 + 4). Determine o(t).
-3
Let u(r) be the second derivative of 0 - 10*r + 7/6*r**3 - 1/12*r**4 - 1/2*r**2. Calculate u(7).
-1
Let a = -56 + 59. Suppose -3 - a = -s. Let v(d) = 3*d - 6. Let h(b) = -b + 3. Let w(f) = 5*h(f) + 2*v(f). Determine w(s).
9
Let o(x) = -9 + 24*x - 75*x + 13*x + 16*x + 15*x. What is o(-6)?
33
Let w(p) = 6*p**2 + 6*p + 7. Let u(y) = -13*y**2 - 13*y - 16. Let f(k) = -3*u(k) - 7*w(k). Calculate f(-2).
-7
Let d(g) = 3*g - 3. Let j = -638 - -643. Give d(j).
12
Let r = 953 + -949. Let s(t) = -t**3 + 3*t**2 + 4*t - 8. What is s(r)?
-8
Let v(g) = -2*g**3 - 4*g + 1. Suppose 4*d - 53 = -65. Let l(u) = -u**3 - u**2 - u + 1. Let o(n) = d*l(n) + v(n). Determine o(2).
16
Let p(d) = 8*d**3 + 9*d**2 - 11*d + 2. Let h(i) = -3*i**3 - 4*i**2 + 5*i - 1. Let j(u) = -5*h(u) - 2*p(u). Determine j(2).
-5
Suppose 3*t = t + 10. Suppose 9 = 2*o + 2*n + n, t*o - 12 = -4*n. Suppose w + b + 5 = o, -2*b - 5 = w - 3*b. Let a(g) = -g - 2. Give a(w).
3
Let u(h) = h**3 + 4*h - 6. Let q be (-10)/(-3) - 14/42. Let a(x) = x**3 + x**2 + 3*x - 5. Let f(t) = q*u(t) - 4*a(t). Give f(-4).
2
Let i(u) = -5*u**3 - 3*u + 2. Let m(j) = 6*j**3 + 4*j - 1. Let p(t) = 5*i(t) + 4*m(t). What is p(0)?
6
Let s(q) = q**2 + 14*q - 15. Let t(a) = -a**2 - 8*a - 30. Let z be t(-4). What is s(z)?
-15
Let c(u) = 46*u**2 - 45*u**2 + 16 - 34 - 6*u + 7. Calculate c(5).
-16
Let h(x) be the first derivative of -x**4/4 + x**3/3 - x**2/2 - 9*x - 1. Suppose 30*r = 34*r. Calculate h(r).
-9
Let y(t) = -11*t - 44*t**2 + 43*t**2 - 9 + 2. What is y(-10)?
3
Suppose -4*i + 24 = -4*u, 3*u - 2*i + 0*i + 16 = 0. Let a(b) = -b**2 + 12*b - 9. Let o be a(11). Let j(h) = 2 - 10*h**o + 5*h + 0 + 11*h**2. Calculate j(u).
-2
Let t(m) = -m + 1. Suppose -72 = -12*i + 16*i. Let w be i + 18 + 3*2. Calculate t(w).
-5
Let x(o) = 4*o + 5. Let d(y) be the first derivative of 2*y**2 + 4*y + 2. Let g(t) = 6*d(t) - 5*x(t). Give g(2).
7
Suppose -17 = -w - 18. Suppose s + 2*s - 11 = -h, 4*h = 5*s - 7. Let k(d) = d**2 + 1 + 0*d**2 - h*d + 4*d. Give k(w).
0
Let i(k) = -k + 3*k - 14879 + 14871. Determine i(6).
4
Let x be (-666)/74 + 0 + 13. Let r be 1 - (2 + 0) - -3. Let s(w) = 3*w - 6*w - r + 0*w. Determine s(x).
-14
Let c be 4/((648/(-6))/6) - (-25)/(-9). Let k(d) = -2 + 6 - d + d**2 + 6*d. Determine k(c).
-2
Suppose 12 = -46*i + 52*i. Suppose 4 = -v + 2*m - 1, 4 = -i*m. Let w(d) = -3*d - 9. Give w(v).
18
Let z(i) = -3*i**2 - 5. Let v(h) = h**2 + 3. Let y(p) = -5*v(p) - 2*z(p). Suppose -t + 0 + 4 = 0. Determine y(t).
11
Let w be ((1 - 6)/(-25))/((-2)/10). Let s(h) = -36*h - 1. Give s(w).
35
Let d(s) be the second derivative of -s**5/20 + 13*s**4/12 - 13*s**3/6 + 7*s**2 + 44*s. What is d(12)?
2
Let o be -4*(-7)/28 + (-1)/(-6). Let x(s) be the second derivative of o*s**3 + 3*s**2 + 0 + 6*s + 1/12*s**4. Give x(-4).
-6
Let z(k) = -24*k. Suppose -16*q + 22 = 6*q. Determine z(q).
-24
Let j(q) = q**3 + 4*q**2 - 15*q - 46. Let y be j(-5). Let f(c) be the third derivative of -7/24*c**y + 1/6*c**3 + 0 + 0*c + 9*c**2. Give f(1).
-6
Let t(g) be the first derivative of -g**4/4 - g**3 + g + 209. What is t(-1)?
-1
Let s be ((-15)/4 + 6)*2/27. Let q(i) be the third derivative of 0*i - 7*i**2 + s*i**3 - 1/24*i**4 - 11/60*i**5 + 0. Calculate q(1).
-11
Let m(b) = 5*b + 2. Let i be (-39)/26*4/18*-6. Determine m(i).
12
Let z(w) = -w - 1. Let o(j) = -4*j - 19. Let k be o(-6). Let g(c) = -6*c - 15. Let x(p) = k*z(p) - g(p). Let d(t) = 6*t + 1. Let a be d(-1). Give x(a).
5
Let j be 40/(-8) + (-1)/(2/(-2)). Let c(z) = z**3 + 3*z**2 - 4*z + 5. Determine c(j).
5
Let l = -1 + 0. Suppose -6 = -h - 5*h. Let t(b) = -5*b - b - h + 3*b. Determine t(l).
2
Let v(r) = 5*r**3 - 11*r**2 - 8*r + 11. Let k(i) = 11*i**3 - 23*i**2 - 17*i + 24. Let n(p) = 6*k(p) - 13*v(p). Calculate n(-4).
9
Let x(t) = -2*t**2 + t + 15 - 2*t - 24 + 11. Let m(c) = -c**3 - 7*c**2 - 4*c + 8. Let p be m(-6). Let j be (-8)/6 - p/(-6). Calculate x(j).
-4
Let h(r) be the second derivative of -r**5/20 - r**4/3 + 2*r**2 - 74*r. Determine h(-3).
-5
Suppose p - 3*p = -6. Let q(b) = -32*b**3 + 4*b + 5 + 31*b**p - 4*b. What is q(0)?
5
Let m(p) = 16*p + 4. Suppose 3*d = 4*x + 11 - 12, d = 4*x + 5. Determine m(d).
-44
Let d(n) = 3*n**2 + 2*n + 14. Let f(c) = -c**2 - c - 5. Let j(z) = 6*d(z) + 17*f(z). Suppose -5*u = -17 - 3. Determine j(u).
-5
Let a(g) = -3*g + 8. Let d(j) = 2*j - 3. Let h(u) = -3*a(u) - 5*d(u). Determine h(-5).
-4
Let d(r) = r**3 - 8*r**2 + 9*r - 2. Suppose w = -v + 4, -5*w = -3*w - 5*v - 22. Give d(w).
-20
Let v(k) = -2*k**2 - 4*k + 3. Suppose -45*b = -40*b + 30. What is v(b)?
-45
Let z be (8/(-12))/(3/18). Let n be 1/(-4) - 5/(-4). Let s(m) = m + 4 - n + 3 - 4. What is s(z)?
-2
Let j(h) = 4*h - 1. Let q(m) be the second derivative of -2*m**3/3 + m. Let v = -297 + 294. Let w(p) = v*j(p) - 2*q(p). Determine w(3).
-9
Let y be (-2)/4 - 279/(-18). Suppose d = -4*d + y. Let l(n) be the first derivative of 3*n**2/2 + 1. Determine l(d).
9
Suppose 21 = 